. Suppose -475 = -8*c + d*c. What is the greatest common factor of c and z?
19
Suppose b - 4*b + 42 = 0. Let z = 94 - b. Suppose 4*x - 7*x + 30 = 0. Calculate the greatest common factor of z and x.
10
Let k = 313 + -173. Calculate the greatest common divisor of k and 28.
28
Let p(k) = k + 8. Let o be p(-7). Let i be ((-10)/(-15))/(o/9). Calculate the greatest common factor of i and 12.
6
Suppose -4*w = -2*l - 40, 5*l - 6*l - 36 = -4*w. Calculate the highest common divisor of 20 and w.
4
Suppose 2*q + 7 = 3. Let z be (-100)/q*(-3)/(-6). What is the highest common divisor of z and 10?
5
Let j(k) = 120*k**2 - 3*k + 3. Let h be j(1). Calculate the highest common factor of h and 72.
24
Let d(c) = 2*c**2 + 4*c + 6. Let b be d(-3). What is the highest common divisor of b and 3?
3
Let b(k) = k**3 - 2*k**2 - 3*k + 4. Let a be b(3). Suppose -z - a*z = r - 59, -2*r = 3*z - 41. Calculate the greatest common divisor of 11 and z.
11
Let s(z) = 7*z - 1. Suppose 0 = -4*c + 9 + 3. Let w be s(c). Calculate the greatest common divisor of w and 10.
10
Suppose -3*u - 5*o + 25 = 0, 5*u + 3*o - 28 = 19. Calculate the greatest common divisor of 2 and u.
2
Suppose 0*i = 18*i - 2448. Calculate the greatest common divisor of 17 and i.
17
Suppose -2*i + 3*i - 15 = 0. What is the greatest common factor of i and 15?
15
Suppose 4*q + 130 = 5*w, 0*w + 4*w + 2*q = 104. Let t be ((-3)/((-54)/12))/((-4)/(-234)). Calculate the greatest common factor of t and w.
13
Let y = 21 - 10. What is the greatest common factor of 1 and y?
1
Suppose -2*m = m - 327. Suppose -6*g + m = -g - 2*s, 0 = -3*g - s + 61. Calculate the highest common factor of g and 42.
21
Suppose 0 = -3*x + x - 12. Let g = 10 - x. What is the greatest common factor of 176 and g?
16
Let w be 88/14 + (-6)/21. Let i be (3/(-6))/(2/(-4)). Suppose 5*y + i = w. What is the greatest common divisor of y and 9?
1
Let u(g) = 3*g + 12. Let t be u(0). What is the highest common factor of t and 24?
12
Suppose 0 = -0*b + 2*b - 22. Suppose z - b = 1. What is the highest common factor of z and 48?
12
Let b = 32 - 8. Let h = -10 - -15. Suppose -51 = h*x - 351. What is the greatest common factor of b and x?
12
Suppose -562 = 3*o + 800. Let w be (-6)/27 + o/(-18). Calculate the greatest common factor of w and 10.
5
Let h(v) = -v - 9. Let y be h(-12). Let t be y + 3 + -3 + 141. Calculate the highest common divisor of t and 18.
18
Suppose 0 = 5*d - 3*d + 4. Let y be d/(-1*3/33). What is the highest common factor of y and 2?
2
Let u = -75 + 102. What is the highest common factor of u and 3?
3
Let k(z) = -z**3 + 9*z**2 + 11*z - 6. Let m be k(10). Suppose 0 = -m*c + 64 + 84. What is the greatest common factor of 185 and c?
37
Suppose 2*k + 7*w - 28 = 2*w, 5*k - 3*w = 39. Calculate the highest common divisor of k and 99.
9
Suppose -3*s = -5*s + 64. Let g = s - 22. What is the highest common divisor of g and 2?
2
Let c be 33 + 6*(-2)/4. Suppose 0 = -3*i - 2*i + c. Let l = 9 + -3. What is the highest common divisor of l and i?
6
Let z = 12 + 16. Let s be 2/(-1) + z + -1. Suppose -4*u + 1 = -0*d + 5*d, 4*u - 3*d = s. Calculate the highest common factor of u and 4.
4
Let t = -43 - -63. Let v(n) = n**2 + n + 4. Let q be v(-3). What is the greatest common divisor of q and t?
10
Let j(g) = g**3 - 2*g**2. Let k = -3 + 4. Let h be j(k). Let n(f) = -17*f**3 + f + 1. Let i be n(h). Calculate the highest common factor of i and 51.
17
Suppose 3*y + 2*n - 21 = 0, -3*y - 2*n - n + 24 = 0. Let c = 32 + 18. Suppose c - 10 = y*g. What is the highest common divisor of g and 32?
8
Let c = 38 - 26. Let b(x) be the first derivative of -9*x**2 - 6*x - 1. Let v be b(-5). Calculate the greatest common divisor of c and v.
12
Suppose -3*b + 51 = -0*b. What is the highest common factor of 68 and b?
17
Let w be (-2 - -2) + 2 + 29. Let u be ((-4)/6)/(12/(-3906)). What is the highest common factor of w and u?
31
Let w be (-3 - -327)/(-3*1/(-3)). What is the greatest common factor of w and 12?
12
Suppose 0 = -4*p + 5*h + 25, 13 = -4*p - 5*h - 12. Let u(c) = c**3 - c**2 + c + 4. Let g be u(p). Calculate the greatest common factor of 20 and g.
4
Suppose -2*i - 1 + 5 = 0. Suppose 2*z + i = -16. Let w = z - -15. Calculate the highest common divisor of w and 1.
1
Suppose -4*b + 16 = -3*o, -b = 3*b - 16. Let v = 5 - o. Calculate the highest common divisor of 40 and v.
5
Suppose 0 = -5*c + 155 + 65. Calculate the greatest common divisor of 4 and c.
4
Let r(j) = j**2 - 10*j + 12. Let a(c) = -2*c - 1. Let z be a(-5). Let s be r(z). Suppose -g + 60 = s*g. Calculate the greatest common factor of g and 135.
15
Let x(o) = -o**3 + 9*o**2 + 2*o + 4. Let b be (-2)/7 - 390/(-42). Let d be x(b). What is the greatest common divisor of 33 and d?
11
Let u(c) = -c - 1. Let s be u(1). Let z be -9*12/(-9) - s. Let w be (-2)/7 - (-396)/14. What is the highest common factor of w and z?
14
Let i(r) = 9*r. Let o be i(6). Calculate the greatest common factor of o and 27.
27
Suppose 93 = 3*w + 9. Let f = w + 2. Calculate the highest common factor of f and 20.
10
Let d be (4/(-6))/(8/(-36)). Suppose -5*t + 50 = d*b + 2*b, 3*t + 14 = b. What is the highest common divisor of 33 and b?
11
Let c be (1 + -2)*(-18)/1. Suppose 0*q + 3*q = 36. Calculate the greatest common divisor of c and q.
6
Let b be 2 + (12/(-30) - 784/(-10)). What is the greatest common divisor of b and 20?
20
Let u(b) = 3*b**2 + 9*b - 1. Let r(m) = m**2 + m - 1. Let d(q) = 6*r(q) - u(q). Let x be d(6). Calculate the greatest common divisor of 17 and x.
17
Let j(t) = t**3 + 76. Suppose 3*g = -3*a - 3, a = 4*g - 7*g - 3. Let h be j(a). Calculate the highest common divisor of 19 and h.
19
Suppose -2*f + 6*f + 508 = 0. Let j = 248 + f. Calculate the highest common factor of j and 11.
11
Let k be (2 - 12/(-3)) + -3. Let r = k - 1. Suppose -r + 14 = 3*c. Calculate the greatest common factor of 44 and c.
4
Suppose 0 = -5*m + 2*m + 15. Let a be m + -3 - (0 + -38). Calculate the greatest common divisor of 10 and a.
10
Let s be 0/(7/(14/4)). Suppose 2*m - 5*t - 56 = s, 2*t - 140 = -5*m + t. Calculate the greatest common factor of m and 308.
28
Suppose -10 = -9*b + 8*b. What is the highest common factor of b and 10?
10
Suppose b - 5*m = 54 + 26, -5*b + 352 = -m. What is the greatest common divisor of b and 10?
10
Let v be 1/(42/(-22) + 2) + -1. Calculate the highest common factor of 10 and v.
10
Let y = -5 - -12. Let u(z) = -z**3 + 6*z**2 + 9*z + 8. Let i be u(y). Suppose -14 - i = -g. What is the greatest common factor of g and 54?
18
Let i be ((-210)/25 - -8)/(1/(-120)). Calculate the greatest common divisor of i and 12.
12
Suppose -10 = -4*s - 0*s + 3*o, -o = 2. Calculate the greatest common factor of s and 7.
1
Suppose -390 = -4*w + 2*i, -5*i + 84 = 2*w - 93. Let y(n) = -4*n + 3 + 0*n - 2*n + 5*n. Let o be y(-9). What is the greatest common divisor of w and o?
12
Suppose l + 6*i - 10*i - 10 = 0, 3*i + 84 = 5*l. What is the greatest common divisor of 72 and l?
18
Let y(g) = -8*g + 2. Suppose 3*v = -5 - 10. Let p be y(v). What is the highest common factor of p and 14?
14
Suppose 5*n - 7*n + 154 = 0. What is the highest common divisor of n and 7?
7
Let o(f) = -3*f - 26. Let y be o(-11). Calculate the greatest common divisor of y and 49.
7
Let v be (-296)/(-6) + (-14)/42. Calculate the greatest common divisor of 7 and v.
7
Suppose 0 = 8*c - 6*c - 572. Calculate the greatest common divisor of 26 and c.
26
Let j(a) = 2*a**3 - 4*a**2 - 5*a. Suppose -5*v + 26 = 4*f, -5*f = -3*v - 16 + 2. Let g be j(f). What is the greatest common divisor of 11 and g?
11
Let o(i) = i**3 + 10*i**2 + 11*i - 12. Let z be o(-6). Calculate the greatest common factor of z and 6.
6
Let t be (5*-2)/((-8)/48). Suppose -2*g + 24 = -0*g. Calculate the highest common divisor of t and g.
12
Suppose j - 1086 = -5*g, -2*g + 3*j = g - 648. Let a(s) = 2*s**2 + 5*s + 6. Let m be a(-5). What is the highest common divisor of g and m?
31
Let d = 61 + -50. Calculate the highest common divisor of 44 and d.
11
Suppose 1 = -2*s + 9. Suppose 2*a = -u + 13, -4*a + 3*u + u - s = 0. What is the greatest common divisor of 1 and a?
1
Suppose -y - y - 6 = 0, 5*y = 5*c - 110. Let s = 67 - c. Calculate the greatest common divisor of s and 12.
12
Suppose 8*l = 4*l. Suppose x - 19 = -l*x. Calculate th